
Let g(q) = -q**3 - 3*q**2 + 2*q + 2. Suppose -5 = v - 0*h - 2*h, 4*v - 2*h + 14 = 0. Calculate g(v).
-4
Let r(f) = 8*f**3 + f**2 + f. Let c = -31 + 18. Let v = c - -25. Suppose 8 = -3*n - 5*g - 10, v = 3*n - 5*g. What is r(n)?
-8
Let b(o) = -o**2 - o. Let f be b(-1). Let a(v) = 0*v + f*v + 1 - 4*v - v. Determine a(-1).
6
Let r = 162 + -156. Let b(f) = -f**3 + 7*f**2 - 8*f + 5. Determine b(r).
-7
Let l(x) be the first derivative of 1/2*x**2 + 0*x + 0*x**3 - 1/4*x**4 + 2. Suppose p = 3*p + 3*q + 1, 5*q = -2*p - 3. What is l(p)?
0
Let d(i) = -i**2 - 2 + i**2 - 8*i - 7 - i**2. Let u(k) = -2*k**2 - k. Let h be u(-2). Determine d(h).
3
Suppose 2*u - 2*s - 22 = -0*s, 0 = -3*u + 4*s + 33. Let m(w) = w + 4. Let d(r) = -3*r - 12. Let k(q) = u*m(q) + 4*d(q). Suppose 1 + 4 = a. Give k(a).
-9
Let m(f) = f**2 - 6*f + 3. Let j = -16 - -15. Let a = 3 + j. Give m(a).
-5
Let v(d) = 0*d + 5 + 0 - 7*d - d**3 + 5*d**2. Let m be (12/9 - 2) + (-84)/(-18). What is v(m)?
-7
Let x(r) = -29 + r**2 - 30 + r**3 - r + 39. Give x(0).
-20
Let v(u) = -u - 1. Let a(z) = z**3 + 9*z**2 + z + 4. Let w be 4/20 - (-230)/(-25). Let b be a(w). What is v(b)?
4
Let x(q) = 7*q**2 - 8*q + 5. Let f(g) = -3*g**2 + 4*g - 2. Let h(t) = -9*f(t) - 4*x(t). Determine h(-4).
-2
Let a(v) = 4*v - 1. Let y(q) = -q**2 - 1. Let b be y(0). Let l(s) = -s**3 - s. Let r be l(b). Suppose -3*z = 3*u - 15, -z + u - 1 = r*z. Calculate a(z).
3
Suppose 2*o - 6 = -2*h - 0*o, -3*o + 11 = 4*h. Let b be (h + 18)*2/(-4). Let g = b + 6. Let d(j) = -j**3 - 4*j**2 - 1. Give d(g).
-1
Let p(r) = -2*r - 11. Let k(q) = 1. Let b(i) = -4*k(i) - p(i). Give b(-6).
-5
Suppose -3 = 4*z + 5. Suppose -8*q = -11*q + 159. Let v(i) = -4*i + i + i + q - 51. Determine v(z).
6
Let q(x) be the second derivative of 2*x + 2*x**2 - 1/20*x**5 - 2/3*x**3 + 1/3*x**4 + 0. Give q(3).
1
Let y = 10 - 28. Let l be 3/y + (-100)/(-24). Let o(i) = 2*i - 3. What is o(l)?
5
Let t(r) = -2*r - 28. Let v be t(-12). Let f(h) = h**2 + 7*h + 5. What is f(v)?
-7
Let l(r) be the first derivative of r**4/4 + 3*r**3 + 2*r - 2. Determine l(-9).
2
Let r(g) be the second derivative of g**4/12 + g**3/3 - 34*g. Give r(-1).
-1
Let v(m) = m + 12. Let i be 0*-2*((-2)/(-4))/(-1). Calculate v(i).
12
Let m(j) = -5*j + 1. Let q(o) = -4*o - 7. Let z be q(-2). Determine m(z).
-4
Let s(o) = 8 + 5*o - 13 - 6*o. Give s(-5).
0
Let q(i) = 4*i - 2. Let d be q(1). Let c(l) = -3*l**2 + 2*l - 1. What is c(d)?
-9
Let z be (-5)/75*(-1)/8. Let v(w) be the third derivative of 0*w + z*w**6 - 1/12*w**5 + 0*w**4 - 2*w**2 - 1/6*w**3 + 0. Give v(5).
-1
Let s(r) = 4*r - 1. Suppose -5*f - 7 = 43. Let v = f - -8. Give s(v).
-9
Let w(n) = n**3 - 5*n**2 + 4*n - 3. Let i(d) = -d**2 - 7*d + 1. Let r be i(-7). Let c be -5*1/1*r. Let f(k) = -k**3 - 5*k**2 + 3. Let s be f(c). Give w(s).
-9
Suppose j + 4*j = -o - 35, 3*j = 3*o - 21. Let b(g) = g + 4. Give b(j).
-3
Let o = -5 + 7. Suppose 2*i - o*k = 3*k + 24, 4*i - 20 = 3*k. Let m(b) = -2*b**3 + 2*b**2 - 3*b + 2. What is m(i)?
-12
Let l(d) = -d**2 + d - 4. Suppose -v + 2*r - 17 = -3*r, -4*r + 22 = -5*v. Let o(q) = 0 + 1 + 3 - 7. Let g(m) = v*l(m) + 3*o(m). Determine g(3).
11
Suppose -n + 5 = -0*n. Suppose 2*k + 2*p + 7 = 3*k, n = -5*p. Let m(f) = -k*f + 0 - 1 - 5 + f**2. Give m(5).
-6
Let w(i) = 3*i + 6. Let d(z) = -z - 2. Let h(f) = -17*d(f) - 6*w(f). Suppose -5*y = 5*r - 0*y - 35, 2*r = 4*y - 10. Give h(r).
-5
Let p(s) be the first derivative of -7*s**3/3 - s**2 + s + 3. Determine p(1).
-8
Let l(p) = -2*p**2 - 14*p - 5. Let u be l(-7). Let x(g) = 6 - 4 + 2*g + 4. Determine x(u).
-4
Let a(g) be the second derivative of -1/6*g**3 - 5/12*g**4 + 1/20*g**5 + 0 - 2*g**2 - g. Suppose 4*z - 4*v = -3*v + 23, -2*z = -v - 13. What is a(z)?
-9
Let n(r) = 11 - 1 - 2*r - 1 + 0*r. Determine n(6).
-3
Let t(c) = 10*c - 5 - 3*c - 4 - c**2. Let l(u) = u**2 - 7*u - 2. Let z be l(8). What is t(z)?
-3
Suppose 5*q - 2*u = 10, 4*q - 5*q - u + 2 = 0. Let o(r) = -2 + r**3 + 5 - 1 - 3*r**2 + r. What is o(q)?
0
Let n(c) = -c**3 - 4*c**2 + 6*c + 7. Suppose -3*s - 21 = -6. Give n(s).
2
Let u(f) = f + 6. Let i = -14 + 8. Determine u(i).
0
Let r(d) = -d**2 - d - 1. Let s(j) = j**3 - j**2 + 1. Let y(x) = -r(x) + s(x). Let g be (-2)/(-8) + (-1)/4. Suppose g*q + 3*q = 0. Determine y(q).
2
Let u(g) be the first derivative of -g**3/3 + g**2/2 - g + 3. Give u(0).
-1
Let h be (-1 - -1)/(-15 + 16). Let w(c) = -c + 6. Determine w(h).
6
Let h(r) = r**2 + 8*r - 6. Let c be 3/(-9) - (-20)/(-3). Calculate h(c).
-13
Let c be ((-12)/14)/((-1)/7). Let r(h) be the third derivative of h**6/120 - 7*h**5/60 + 7*h**4/24 - 2*h**3/3 + 2*h**2. Give r(c).
2
Let r(l) = 6*l**2 + l + 2. Let k be r(-1). Suppose -9*n + k*n + 4 = 0. Let b(w) = 3*w. What is b(n)?
6
Let t(q) = q**3 - 9*q**2 + 8*q + 3. Let c be t(8). Let m(d) = 7 - 3*d + c*d**2 + 2*d**3 + d**2 + 4*d**3 - 5*d**3. Determine m(-5).
-3
Let t(x) = -x**2 + 5*x + 3. Let d be t(5). Let j(i) = 3*i + 2*i**2 - d*i**2 + 3 + 0. Determine j(5).
-7
Let o(j) = -2*j - 7. Suppose -39 = 3*c + 1497. Let z be c/80 - 2/(-5). Determine o(z).
5
Let n(k) = k**2 + 6*k + 14. Let l be n(-11). Suppose l = 5*m + 19. Suppose 2*y + 2 = -3*s, s + 3*y + 0*y = -m. Let h(x) = 2*x + 2. Give h(s).
6
Let i(b) = 4*b**3 - 7*b**2 - 6*b + 1. Let t(p) = -3*p**3 + 7*p**2 + 6*p - 1. Let m(g) = -4*i(g) - 5*t(g). Determine m(-6).
1
Let x(u) = -u**3 + u**2 - 4*u + 3. Let z be x(1). Let t(b) = b - 1. Give t(z).
-2
Let g(x) be the first derivative of -x**6/360 + x**5/15 - x**4/3 - 5*x**3/3 - 6. Let j(v) be the third derivative of g(v). Calculate j(6).
4
Let r(c) = c + 3. Suppose -3*s + 6 = -2*n, -3 + 0 = -3*s + 3*n. Suppose -w + s = 1. Determine r(w).
6
Let i(o) be the first derivative of -o**3/3 + o**2/2 - o + 11. Give i(1).
-1
Let b(o) = 1 + 2*o + 0 - 3*o. Let t be b(-5). Let x(c) = -c**2 + 5*c. Calculate x(t).
-6
Suppose -3*s = 3*o, 0*s + 12 = 2*o - s. Suppose 0 = 6*f - 1 - 11. Suppose l - 7 = -3*v, o*l + 4*v = f*v - 12. Let d(z) = z**3 + 5*z**2 - 2. Give d(l).
-2
Let s = -7 - -10. Let t(v) = -4*v**2 - v**s - 2 + 0 - 3*v + v. Let o(a) = a**2 + a - 4. Let q be o(0). Calculate t(q).
6
Let z(r) = 2*r**2 - 4*r - 8. Let p(v) = -3*v**2 + 5*v + 7. Let x(a) = -3*p(a) - 4*z(a). Let h(b) = b. Let f = 12 - 12. Let q be h(f). Determine x(q).
11
Let f(u) = u**3 + 8*u**2 - u - 3. Let v = -10 + 2. Let d be f(v). Let c(k) = 3*k - 4*k + 1 + 5. Calculate c(d).
1
Let s(j) be the second derivative of j**3/3 + 3*j**2 + 8*j. Calculate s(-5).
-4
Let t be (6 - 3) + -6 - 1. Let u be 2*t/(-4) - 5. Let f(a) = a**3 + a**2 - a - 1. Let c(j) = j**3 + 2*j + 2. Let k(g) = -c(g) + 2*f(g). Calculate k(u).
-1
Let a(d) = -d**3 - 4*d**2 - 5. Let j be 10 + ((-6)/3 - 0). Let k be j/(-12) + (-8)/(-3). Suppose -5*p = -2*s + 6*s + 4, -4*p - 24 = -k*s. What is a(p)?
-5
Let q(f) = f**3 - 3*f + 2. Let y be ((-8)/(-24))/((-2)/(-6)). Suppose 7 = 4*t - y. What is q(t)?
4
Let c(h) = 1. Let i(n) = -3. Let z(r) = -4*c(r) - i(r). Let x(j) = -4*j + 5. Let b(t) = x(t) + 6*z(t). Give b(-2).
7
Let t(g) = -g + 5. Let n be (-25)/(-3) + (-3)/9. Suppose 0 = -2*o - 0 + n. Give t(o).
1
Suppose -17 + 35 = -6*k. Let p(q) = 2*q**2 - 4. Give p(k).
14
Let p(r) = -2*r**3 + 3*r**2 - 2*r + 2. Let b be p(2). Let q(u) = -181*u - u**3 + 175*u + 8 - 2 - 7*u**2. What is q(b)?
6
Let c(z) be the second derivative of z**4/6 + z**3/6 + z**2/2 - z. Let q be c(-1). Let t(n) = n**2 - q*n + 2*n + 4. Determine t(0).
4
Suppose 0 = 2*v - 6*v - k + 49, v + 5*k - 36 = 0. Let u(c) = c**2 - 15 - 2*c**2 + 5*c + v. Calculate u(5).
-4
Let z be 5*((-2)/(-10) + 1). Let k(r) = 6 + 4*r - 2*r**2 - 2*r + r**2 + 2*r. Calculate k(z).
-6
Let y(b) = 7*b**3 + 3*b**2 - 7*b - 12. Let c(s) be the first derivative of -s**4 - s**3/3 + 3*s**2/2 + 6*s - 7. Let n(j) = -5*c(j) - 3*y(j). Give n(-5).
1
Let i(w) = 610 - 2*w**3 - 613 - 3*w - w**2 + 3*w**3. Calculate i(3).
6
Let y(k) = k**2 - 6*k + 7. Let s = 43 + -37. What is y(s)?
7
Let c(m) = 65*m**3 - 1 - 66*m**3 - 1 + 2*m**2. Let u(x) = -3*x**2 + x**3 + 5*x + 7*x**2 - 2*x. Let o be u(-2). Calculate c(o).
-2
Let u(n) = 5*n**3 + 2*n**3 - 2*n + 7 - 8*n**3 - 7*n**2. Determine u(-6).
-17
Let i(h) = -h**3 - 2*h**2 + 3*h - 3. Suppose 15 = -5*r + 3*d, 3*r - 2*d + 4*d + 28 = 0. Let g = 3 + r. What is i(g)?
-3
Let b(c) = c + 1. Let u(d) be the first derivative of